 the prime factors of y(-31)?
3767
Let j be -3*((0 - 1) + 0). What are the prime factors of (10 - -118) + (j - -1)?
2, 3, 11
Suppose -2937*w + 375531 = -2898*w. List the prime factors of w.
9629
Let l(f) = 38*f**2 + 4*f + 24. Let d be l(-4). Suppose d = 3*n + 580. What are the prime factors of n?
2, 3
Let b(f) = -f - 6. Let g be b(-11). Suppose -g*m = -w - 2720, 3*w - 6*w + 544 = m. List the prime factors of m.
2, 17
Let l(q) = -q**2 - 4*q + 13. Let t be l(-5). Suppose 277 = m - 5*h, -h + t = h. List the prime factors of m.
3, 11
Let g(i) = 135*i + 2057. List the prime factors of g(26).
19, 293
Let o(h) = -595*h + 18. Let b(c) = -c**3 - 22*c**2 + 22*c - 24. Let n be b(-23). List the prime factors of o(n).
613
Let u be (1/(-2) - -1)*-6. Let y be (u - 9/(-5))/(2/340). Let v = y + 332. What are the prime factors of v?
2
Suppose -321 = 5*j + 764. Let m be ((-4693)/(-52))/((-5)/((-60)/3)). Let p = j + m. What are the prime factors of p?
2, 3
Suppose -24*b + 322212 = 20*b. What are the prime factors of b?
3, 2441
Let p be ((-1)/3 - -1)*(55 + -61). List the prime factors of p + 7/(-2)*(-4)/2.
3
Let w = 329 - 488. Let h = w - -212. List the prime factors of h.
53
Let w = -107 - -56. Let l = -40 - w. Suppose l*y = 157 + 107. List the prime factors of y.
2, 3
Suppose 2*s - 39 = -2*k + 3, -3*k + 95 = 5*s. Suppose s*x = 21*x - 105. List the prime factors of x.
3, 7
Suppose 4863 = 17*v - 14823. List the prime factors of v.
2, 3, 193
List the prime factors of 3 - (-4 - -1)*(5 - (-478734)/18).
7, 13, 877
Suppose 2*m - 5 - 7 = 0. Suppose -2*x = -5*z + 1051, z - m*z = -3*x - 1054. List the prime factors of z.
11, 19
Suppose -n + 2*f + 5051 = -f, -n + 5051 = 5*f. Let d = -2975 + n. List the prime factors of d.
2, 3, 173
Let s = -71 - -28. Let k = 153 + s. Let z = 43 + k. What are the prime factors of z?
3, 17
Let v(i) be the first derivative of -i**3 - i**2 + 8*i + 13. Let k be v(4). Let z = k - -80. List the prime factors of z.
2
Let s(u) = 2*u**3 - u**2 + 5*u + 9. Suppose -5*b = 3*p + 20, b - 5*p + 1 = -3. Let m be s(b). List the prime factors of m*(-5 + 3 - (-2)/2).
5, 31
Suppose 3*l - 4*l = -1085. Suppose 0 = 4*v - 12, 3*c + 329 - l = -3*v. Suppose 504 = 5*d - 2*f, -161 - c = -4*d + 5*f. What are the prime factors of d?
2, 5
Suppose 23 = -l - 78. Let d(p) = p**2 - 17*p - 122. Let n be d(16). Let y = l - n. List the prime factors of y.
37
List the prime factors of 2079/216 - 10 - 168598/(-16).
41, 257
Let j = 21363 + -11924. What are the prime factors of j?
9439
Let t(u) = u**3 - 7*u**2 - u + 2. Let v be t(7). Let s(z) = -3*z**3 + 14*z**2 + 54*z + 9. List the prime factors of s(v).
2, 29
Suppose -5819 = -5*h + 1361. Suppose -2*p + u = -949, 2*p + h = 5*p + u. What are the prime factors of p?
3, 53
Suppose -13*s + 12728 = -36841. What are the prime factors of s?
3, 31, 41
Let p(o) = 3*o**2 - 44*o - 208. What are the prime factors of p(19)?
3, 13
List the prime factors of (14/(-77))/((-1)/44605).
2, 5, 811
Let g = 309 + -245. Suppose -60*j + g*j = -5*v + 1158, 0 = -5*v + 5*j + 1185. What are the prime factors of v?
2, 3, 13
Suppose -2*r + 346 = 5*n, 5*r - 4*n - 596 = 203. Let i = r + 413. List the prime factors of i.
2, 3
Suppose -4166 = 40*o + 1154. What are the prime factors of (114/o)/((-6)/448)?
2
Let k(q) = -q**2 + 28*q - 91. Let t be k(24). Suppose 6*d - d + t*a - 250 = 0, 258 = 5*d + a. What are the prime factors of d?
2, 13
Suppose 109*k - 764940 = 87*k. What are the prime factors of k?
2, 3, 5, 19, 61
Suppose 3*f + w = 7 + 28, -4*f + 30 = -2*w. Suppose -o = -f*o + 1782. List the prime factors of o.
2, 3, 11
Let y(x) = 0*x - x + 8 + 0*x - 25. Let z be y(-19). Suppose r + 194 = z*f - 38, 5*r - 20 = 0. What are the prime factors of f?
2, 59
Suppose -426*h + 16923260 = -24699628 + 3679494. What are the prime factors of h?
89069
Suppose 2 + 3 = 5*k, 3*r + 2*k - 17 = 0. Suppose c + 165 = -3*n + 434, 5*n = -r. List the prime factors of c.
2, 17
Let b(a) = a**2 - 6*a + 10. Let u be b(2). List the prime factors of (u/(-3))/(108/(-73062)).
11, 41
Let i be (-9)/12 - 394/8. Let y = i + 44. List the prime factors of y*5/20 + (-258)/(-4).
3, 7
Let m = -948 + 1078. Let j be (-4)/(-2) + 3 + -13. List the prime factors of m - (8/(-6) + j/(-24)).
131
Let y(s) be the second derivative of 1/6*s**3 + 13/2*s**2 + 0 + 16*s. List the prime factors of y(4).
17
Suppose u - 1 = 1, -j = 5*u + 16. Let z(k) = k**2 - 14*k + 49. List the prime factors of z(j).
3, 11
List the prime factors of ((-42)/(-8)*62/(-93))/((-2)/17480).
2, 5, 7, 19, 23
Let z(g) = 1356*g - 1403. What are the prime factors of z(12)?
14869
Suppose -3*m + n = 350, -5*n + 123 + 223 = -3*m. List the prime factors of ((-8)/12)/(1 + 123/m).
13
Suppose -10*q - 198 = -p - 8*q, 960 = 5*p - 4*q. Let d = p - -323. List the prime factors of d.
7, 73
Suppose 2*d - d = -5*n + 495, -2*d + 1002 = -2*n. Suppose -4*f - d = -0*f. Let m = 342 + f. What are the prime factors of m?
7, 31
Let f = -39 - -44. Suppose 2547 - 6247 = -f*b. Suppose 9*s = b + 583. List the prime factors of s.
3, 7
Suppose 4*d = -0*d + 20. Let n(z) = -6*z**2 - 7*z + 10. Let s(x) = -x**2 - 2*x - 1. Let w(k) = -n(k) + 3*s(k). List the prime factors of w(d).
67
Suppose -44 - 37 = 28*g - g. Suppose 3*o + 4*s - 113 = -0*o, 0 = o - 5*s - 25. Let v = o + g. What are the prime factors of v?
2
Let t(j) = -333*j - 10090. List the prime factors of t(-210).
2, 5, 11, 17
Let u = -27 - -29. Let k(i) = 568*i - 30. List the prime factors of k(u).
2, 7, 79
Let s = -215 + 861. Let j be (2 - 0)/(4/s). Let c = j - 208. What are the prime factors of c?
5, 23
Let x(b) = -2*b - 16. Let j be x(-9). Suppose -8 = j*t + 4*s - 40, -5*t = 5*s - 75. Let y = 40 - t. List the prime factors of y.
2, 13
Let t(q) = 63*q - 74*q + 210*q**3 - 4*q**2 + 11*q**2 + 1. List the prime factors of t(2).
7, 241
Suppose 4*z + 139*z - 4649073 = 0. List the prime factors of z.
3, 10837
Suppose 7*o - 18 - 3 = 0. Suppose -5*v + 10 = -o*v. Suppose 5*j + v*z - 4*z = 684, 0 = -4*z - 4. What are the prime factors of j?
137
Suppose -187*k = -7*k - 1522080. List the prime factors of k.
2, 7, 151
Let a(r) = r**3 + 38*r**2 - 38*r - 87. Let k be a(-39). Let l(t) = 31*t - 3. Let m be l(-7). Let b = k - m. What are the prime factors of b?
2, 47
Let x be ((-18)/5)/(14/70). Let q = x + 22. What are the prime factors of ((q/(-6))/1)/((-27)/2835)?
2, 5, 7
Suppose -1 = -2*i - 4*q - 3, 4*i - 2*q = -4. List the prime factors of (i*(-1 + -172))/(3 + -2).
173
Suppose 3*k = 2*k + 4*v + 4, -v = 0. Suppose 0 = -k*g - 41 + 253. Let n = -20 + g. List the prime factors of n.
3, 11
Let v(c) = 6*c**2 - 19*c + 26. Let m(u) = 5*u**2 - 11*u - 23*u + 14*u - 7 + 33. Let p(z) = -5*m(z) + 4*v(z). List the prime factors of p(11).
3, 13
Let a(r) = -392*r + 7. Let f be a(-5). Let s = f + -1323. List the prime factors of s.
2, 7, 23
Let m = 32 - 41. Let b(r) = r**3 + 9*r**2 + 4*r - 8. Let g be b(m). List the prime factors of ((-158)/(-8))/((-11)/g).
79
Suppose -6*q - 446876 = -53*q - 0*q. List the prime factors of q.
2, 2377
Suppose -65*m + 2178840 = 1191390 - 2948430. What are the prime factors of m?
2, 3, 29
Let h = 14 - -1. Let a be (-6)/((-1)/2 - 1). Suppose 16*f - h*f = a. What are the prime factors of f?
2
Let w be (-9)/2 + 3/6 + 8. Suppose -2*b + w*l = -2612, 0*l + 6510 = 5*b - 5*l. List the prime factors of b.
2, 11, 59
Suppose 1569*o - k - 40407 = 1568*o, 4*o = 3*k + 161635. What are the prime factors of o?
2, 11, 167
Suppose -9063 = 5*x - 2003. Let z = x - -2141. List the prime factors of z.
3
Suppose 321 = 4*j + o, 12*o = 14*o - 2. Suppose 5*m = h + 3*h + 219, 229 = -4*h + 3*m. Let d = j + h. List the prime factors of d.
19
Let r be 4 + (6/16 - 5082/(-16)). Suppose -v - 1 = -r. List the prime factors of v.
3, 107
Let m(j) be the third derivative of j**6/60 + j**5/30 + j**4/8 - 4*j**3/3 - 77*j**2. What are the prime factors of m(3)?
73
Suppose 2*h = 3*z - 148, 28*h + 15 = 25*h. Let s = 205 + -121. Suppose v - 16 = -3*u + z, s = 4*u + 2*v. List the prime factors of u.
2, 5
Suppose 4*y = -y - 95. Let b be 118/(-14) - (-21)/49. Let t = b - y. What are the prime factors of t?
11
Suppose 0 = -2*q + 3*a - 1, -5*a = -3*q + 2*q - 11. Suppose 1877 = -0*f + q*f + 5*g, -4*g + 461 = f. List the prime factors of f.
11, 43
Let j(t) = 26*t - 31. L